{"id":48,"date":"2024-01-20T13:15:57","date_gmt":"2024-01-20T13:15:57","guid":{"rendered":"https:\/\/carlstrauss.ch\/?page_id=48"},"modified":"2024-01-31T15:42:06","modified_gmt":"2024-01-31T15:42:06","slug":"cularta","status":"publish","type":"page","link":"https:\/\/carlstrauss.ch\/index.php\/cularta\/","title":{"rendered":"Anna.R.Stoffel: Austellung, Cularta"},"content":{"rendered":"\t\t<div data-elementor-type=\"wp-page\" data-elementor-id=\"48\" class=\"elementor elementor-48\" data-elementor-post-type=\"page\">\n\t\t\t\t<div class=\"elementor-element elementor-element-69f4520f e-flex e-con-boxed e-con e-parent\" data-id=\"69f4520f\" data-element_type=\"container\">\n\t\t\t\t\t<div class=\"e-con-inner\">\n\t\t\t\t<div class=\"elementor-element elementor-element-3cc17ac3 elementor-widget elementor-widget-image\" data-id=\"3cc17ac3\" data-element_type=\"widget\" data-widget_type=\"image.default\">\n\t\t\t\t<div class=\"elementor-widget-container\">\n\t\t\t\t\t\t\t\t\t\t\t\t\t\t\t<img fetchpriority=\"high\" decoding=\"async\" width=\"8474\" height=\"5893\" src=\"https:\/\/carlstrauss.ch\/wp-content\/uploads\/2024\/01\/carl-strauss-6.png\" class=\"attachment-full size-full wp-image-354\" alt=\"\" srcset=\"https:\/\/carlstrauss.ch\/wp-content\/uploads\/2024\/01\/carl-strauss-6.png 8474w, https:\/\/carlstrauss.ch\/wp-content\/uploads\/2024\/01\/carl-strauss-6-300x209.png 300w, https:\/\/carlstrauss.ch\/wp-content\/uploads\/2024\/01\/carl-strauss-6-1024x712.png 1024w, https:\/\/carlstrauss.ch\/wp-content\/uploads\/2024\/01\/carl-strauss-6-768x534.png 768w, https:\/\/carlstrauss.ch\/wp-content\/uploads\/2024\/01\/carl-strauss-6-1536x1068.png 1536w, https:\/\/carlstrauss.ch\/wp-content\/uploads\/2024\/01\/carl-strauss-6-2048x1424.png 2048w\" sizes=\"(max-width: 8474px) 100vw, 8474px\" \/>\t\t\t\t\t\t\t\t\t\t\t\t\t\t\t<\/div>\n\t\t\t\t<\/div>\n\t\t\t\t<div class=\"elementor-element elementor-element-368006dd elementor-hidden-tablet elementor-hidden-mobile elementor-widget elementor-widget-spacer\" data-id=\"368006dd\" data-element_type=\"widget\" data-widget_type=\"spacer.default\">\n\t\t\t\t<div class=\"elementor-widget-container\">\n\t\t\t\t\t\t\t<div class=\"elementor-spacer\">\n\t\t\t<div class=\"elementor-spacer-inner\"><\/div>\n\t\t<\/div>\n\t\t\t\t\t\t<\/div>\n\t\t\t\t<\/div>\n\t\t\t\t\t<\/div>\n\t\t\t\t<\/div>\n\t\t<div class=\"elementor-element elementor-element-348376ae e-flex e-con-boxed e-con e-parent\" data-id=\"348376ae\" data-element_type=\"container\">\n\t\t\t\t\t<div class=\"e-con-inner\">\n\t\t<div class=\"elementor-element elementor-element-26279d1a e-con-full e-flex e-con e-child\" data-id=\"26279d1a\" data-element_type=\"container\">\n\t\t\t\t<div class=\"elementor-element elementor-element-4f10d114 elementor-hidden-tablet elementor-hidden-mobile elementor-widget elementor-widget-text-editor\" data-id=\"4f10d114\" data-element_type=\"widget\" data-widget_type=\"text-editor.default\">\n\t\t\t\t<div class=\"elementor-widget-container\">\n\t\t\t\t\t\t\t\t\t<p>Und ich wollte mich dem Menschen Carl Strauss n\u00e4hern. Dazu dienten die Interviews mit den Menschen, die Strauss noch pers\u00f6nlich kannten. Es geht mir immer auch um die Seele. Um die Innenwelt. <br \/>Von meinem Gegen\u00fcber. <br \/>Von mir.<\/p><p>Aber was \u2013 wenn das Gegen\u00fcber Tod ist.<br \/>So Tod, <br \/>dass keine Interaktion m\u00f6glich war. <br \/>Keine Erinnerung. <br \/>Die Interviews. Die Spurensuche. Das Experiment durch das repetitive, meditative Arbeiten in ein Schaffensrausch zu kommen. Die Zeit um durch den Alltag tigern zu k\u00f6nnen. Aufzusagen. Wahrzunehmen. Experimentieren. Suchen. All das half mir, um in Dankbarkeit in ein Dialog mit meinem Gegen\u00fcber * Carl Strauss* zu kommen. All das war n\u00f6tig um ein M\u00f6glichkeitsraum f\u00fcr einen Flowmoment zu \u00f6ffnen.<\/p>\t\t\t\t\t\t\t\t<\/div>\n\t\t\t\t<\/div>\n\t\t\t\t<\/div>\n\t\t\t\t\t<\/div>\n\t\t\t\t<\/div>\n\t\t<div class=\"elementor-element elementor-element-8b19ec0 elementor-hidden-tablet elementor-hidden-mobile e-flex e-con-boxed e-con e-parent\" data-id=\"8b19ec0\" data-element_type=\"container\">\n\t\t\t\t\t<div class=\"e-con-inner\">\n\t\t\t\t<div class=\"elementor-element elementor-element-5e191108 elementor-widget elementor-widget-text-editor\" data-id=\"5e191108\" data-element_type=\"widget\" data-widget_type=\"text-editor.default\">\n\t\t\t\t<div class=\"elementor-widget-container\">\n\t\t\t\t\t\t\t\t\t<p style=\"text-align: left;\"><strong>Aus der Austellung<\/strong><\/p>\t\t\t\t\t\t\t\t<\/div>\n\t\t\t\t<\/div>\n\t\t\t\t<div class=\"elementor-element elementor-element-6bf8c4f elementor-widget elementor-widget-image\" data-id=\"6bf8c4f\" data-element_type=\"widget\" data-widget_type=\"image.default\">\n\t\t\t\t<div class=\"elementor-widget-container\">\n\t\t\t\t\t\t\t\t\t\t\t\t\t\t\t<img decoding=\"async\" width=\"2560\" height=\"1945\" src=\"https:\/\/carlstrauss.ch\/wp-content\/uploads\/2024\/01\/22-scaled.jpg\" class=\"attachment-full size-full wp-image-376\" alt=\"\" srcset=\"https:\/\/carlstrauss.ch\/wp-content\/uploads\/2024\/01\/22-scaled.jpg 2560w, https:\/\/carlstrauss.ch\/wp-content\/uploads\/2024\/01\/22-300x228.jpg 300w, https:\/\/carlstrauss.ch\/wp-content\/uploads\/2024\/01\/22-1024x778.jpg 1024w, https:\/\/carlstrauss.ch\/wp-content\/uploads\/2024\/01\/22-768x583.jpg 768w, https:\/\/carlstrauss.ch\/wp-content\/uploads\/2024\/01\/22-1536x1167.jpg 1536w, https:\/\/carlstrauss.ch\/wp-content\/uploads\/2024\/01\/22-2048x1556.jpg 2048w\" sizes=\"(max-width: 2560px) 100vw, 2560px\" \/>\t\t\t\t\t\t\t\t\t\t\t\t\t\t\t<\/div>\n\t\t\t\t<\/div>\n\t\t\t\t\t<\/div>\n\t\t\t\t<\/div>\n\t\t<div class=\"elementor-element elementor-element-0a710ee elementor-hidden-desktop e-flex e-con-boxed e-con e-parent\" data-id=\"0a710ee\" data-element_type=\"container\">\n\t\t\t\t\t<div class=\"e-con-inner\">\n\t\t<div class=\"elementor-element elementor-element-348af27 e-con-full e-flex e-con e-child\" data-id=\"348af27\" data-element_type=\"container\">\n\t\t\t\t<div class=\"elementor-element elementor-element-48c8d2e elementor-widget elementor-widget-text-editor\" data-id=\"48c8d2e\" data-element_type=\"widget\" data-widget_type=\"text-editor.default\">\n\t\t\t\t<div class=\"elementor-widget-container\">\n\t\t\t\t\t\t\t\t\t<p>Und ich wollte mich dem Menschen Carl Strauss n\u00e4hern. Dazu dienten die Interviews mit den Menschen, die Strauss noch pers\u00f6nlich kannten. Es geht mir immer auch um die Seele. Um die Innenwelt. <br \/>Von meinem Gegen\u00fcber. <br \/>Von mir.<\/p><p>Aber was \u2013 wenn das Gegen\u00fcber Tod ist.<br \/>So Tod, <br \/>dass keine Interaktion m\u00f6glich war. <br \/>Keine Erinnerung. <br \/>Die Interviews. Die Spurensuche. Das Experiment durch das repetitive, meditative Arbeiten in ein Schaffensrausch zu kommen. Die Zeit um durch den Alltag tigern zu k\u00f6nnen. Aufzusagen. Wahrzunehmen. Experimentieren. Suchen. All das half mir, um in Dankbarkeit in ein Dialog mit meinem Gegen\u00fcber * Carl Strauss* zu kommen. All das war n\u00f6tig um ein M\u00f6glichkeitsraum f\u00fcr einen Flowmoment zu \u00f6ffnen.<\/p>\t\t\t\t\t\t\t\t<\/div>\n\t\t\t\t<\/div>\n\t\t\t\t<\/div>\n\t\t\t\t\t<\/div>\n\t\t\t\t<\/div>\n\t\t<div class=\"elementor-element elementor-element-8b547c3 elementor-hidden-desktop e-flex e-con-boxed e-con e-parent\" data-id=\"8b547c3\" data-element_type=\"container\">\n\t\t\t\t\t<div class=\"e-con-inner\">\n\t\t\t\t<div class=\"elementor-element elementor-element-86e905a elementor-widget-tablet__width-initial elementor-widget elementor-widget-text-editor\" data-id=\"86e905a\" data-element_type=\"widget\" data-widget_type=\"text-editor.default\">\n\t\t\t\t<div class=\"elementor-widget-container\">\n\t\t\t\t\t\t\t\t\t<p style=\"text-align: left;\"><strong>Aus der Austellung<\/strong><\/p>\t\t\t\t\t\t\t\t<\/div>\n\t\t\t\t<\/div>\n\t\t\t\t\t<\/div>\n\t\t\t\t<\/div>\n\t\t<div class=\"elementor-element elementor-element-c26cdd0 e-flex e-con-boxed e-con e-parent\" data-id=\"c26cdd0\" data-element_type=\"container\">\n\t\t\t\t\t<div class=\"e-con-inner\">\n\t\t\t\t<div class=\"elementor-element elementor-element-8d7b171 elementor-hidden-desktop elementor-widget elementor-widget-image\" data-id=\"8d7b171\" data-element_type=\"widget\" data-widget_type=\"image.default\">\n\t\t\t\t<div class=\"elementor-widget-container\">\n\t\t\t\t\t\t\t\t\t\t\t\t\t\t\t<img decoding=\"async\" width=\"800\" height=\"608\" src=\"https:\/\/carlstrauss.ch\/wp-content\/uploads\/2024\/01\/22-1024x778.jpg\" class=\"attachment-large size-large wp-image-376\" alt=\"\" srcset=\"https:\/\/carlstrauss.ch\/wp-content\/uploads\/2024\/01\/22-1024x778.jpg 1024w, https:\/\/carlstrauss.ch\/wp-content\/uploads\/2024\/01\/22-300x228.jpg 300w, https:\/\/carlstrauss.ch\/wp-content\/uploads\/2024\/01\/22-768x583.jpg 768w, https:\/\/carlstrauss.ch\/wp-content\/uploads\/2024\/01\/22-1536x1167.jpg 1536w, https:\/\/carlstrauss.ch\/wp-content\/uploads\/2024\/01\/22-2048x1556.jpg 2048w\" sizes=\"(max-width: 800px) 100vw, 800px\" \/>\t\t\t\t\t\t\t\t\t\t\t\t\t\t\t<\/div>\n\t\t\t\t<\/div>\n\t\t\t\t\t<\/div>\n\t\t\t\t<\/div>\n\t\t\t\t<\/div>\n\t\t","protected":false},"excerpt":{"rendered":"<p>Und ich wollte mich dem Menschen Carl Strauss n\u00e4hern. Dazu dienten die Interviews mit den Menschen, die Strauss noch pers\u00f6nlich kannten. Es geht mir immer auch um die Seele. Um die Innenwelt. Von meinem Gegen\u00fcber. Von mir. Aber was \u2013 wenn das Gegen\u00fcber Tod ist.So Tod, dass keine Interaktion m\u00f6glich war. Keine Erinnerung. Die Interviews. [&hellip;]<\/p>\n","protected":false},"author":1,"featured_media":0,"parent":0,"menu_order":0,"comment_status":"closed","ping_status":"closed","template":"","meta":{"footnotes":""},"class_list":["post-48","page","type-page","status-publish","hentry"],"_links":{"self":[{"href":"https:\/\/carlstrauss.ch\/index.php\/wp-json\/wp\/v2\/pages\/48","targetHints":{"allow":["GET"]}}],"collection":[{"href":"https:\/\/carlstrauss.ch\/index.php\/wp-json\/wp\/v2\/pages"}],"about":[{"href":"https:\/\/carlstrauss.ch\/index.php\/wp-json\/wp\/v2\/types\/page"}],"author":[{"embeddable":true,"href":"https:\/\/carlstrauss.ch\/index.php\/wp-json\/wp\/v2\/users\/1"}],"replies":[{"embeddable":true,"href":"https:\/\/carlstrauss.ch\/index.php\/wp-json\/wp\/v2\/comments?post=48"}],"version-history":[{"count":65,"href":"https:\/\/carlstrauss.ch\/index.php\/wp-json\/wp\/v2\/pages\/48\/revisions"}],"predecessor-version":[{"id":379,"href":"https:\/\/carlstrauss.ch\/index.php\/wp-json\/wp\/v2\/pages\/48\/revisions\/379"}],"wp:attachment":[{"href":"https:\/\/carlstrauss.ch\/index.php\/wp-json\/wp\/v2\/media?parent=48"}],"curies":[{"name":"wp","href":"https:\/\/api.w.org\/{rel}","templated":true}]}}